{"id":216,"date":"2023-08-11T19:56:16","date_gmt":"2023-08-11T19:56:16","guid":{"rendered":"https:\/\/asia-consult.org\/?page_id=216"},"modified":"2024-06-19T12:15:44","modified_gmt":"2024-06-19T12:15:44","slug":"references-pays","status":"publish","type":"page","link":"http:\/\/asia-consult.org\/?page_id=216&lang=fr","title":{"rendered":"r\u00e9f\u00e9rences pays"},"content":{"rendered":"\n<p>Laos<br>Bhoutan<br>Sri Lanka<br>Vi\u00eat Nam<br>Ouzb\u00e9kistan<\/p>\n\n\n\n<p>L&#8217;EUROPE<br>Bi\u00e9lorussie<br>Ukraine<br><br><em>Allemagne<\/em>:<br>&#8211; Coblence, responsable de projets \u00e9trangers de SEQUA avec la Chambre des PME de la r\u00e9gion de Coblence (sequa.de)<br>&#8211; Berlin, responsable de projets \u00e9trangers de SODI e.V. (www.sodi.de) au Cambodge et au Vietnam, Bi\u00e9lorussie<\/p>\n","protected":false},"excerpt":{"rendered":"<p>LaosBhoutanSri LankaVi\u00eat NamOuzb\u00e9kistan L&#8217;EUROPEBi\u00e9lorussieUkraine Allemagne:&#8211; Coblence, responsable de projets \u00e9trangers de SEQUA avec la Chambre des PME de la r\u00e9gion de Coblence (sequa.de)&#8211; Berlin, responsable de projets \u00e9trangers de SODI e.V. (www.sodi.de) au Cambodge et au Vietnam, Bi\u00e9lorussie<\/p>\n","protected":false},"author":1,"featured_media":0,"parent":0,"menu_order":0,"comment_status":"closed","ping_status":"closed","template":"","meta":{"footnotes":""},"class_list":["post-216","page","type-page","status-publish","hentry"],"_links":{"self":[{"href":"http:\/\/asia-consult.org\/index.php?rest_route=\/wp\/v2\/pages\/216","targetHints":{"allow":["GET"]}}],"collection":[{"href":"http:\/\/asia-consult.org\/index.php?rest_route=\/wp\/v2\/pages"}],"about":[{"href":"http:\/\/asia-consult.org\/index.php?rest_route=\/wp\/v2\/types\/page"}],"author":[{"embeddable":true,"href":"http:\/\/asia-consult.org\/index.php?rest_route=\/wp\/v2\/users\/1"}],"replies":[{"embeddable":true,"href":"http:\/\/asia-consult.org\/index.php?rest_route=%2Fwp%2Fv2%2Fcomments&post=216"}],"version-history":[{"count":2,"href":"http:\/\/asia-consult.org\/index.php?rest_route=\/wp\/v2\/pages\/216\/revisions"}],"predecessor-version":[{"id":264,"href":"http:\/\/asia-consult.org\/index.php?rest_route=\/wp\/v2\/pages\/216\/revisions\/264"}],"wp:attachment":[{"href":"http:\/\/asia-consult.org\/index.php?rest_route=%2Fwp%2Fv2%2Fmedia&parent=216"}],"curies":[{"name":"wp","href":"https:\/\/api.w.org\/{rel}","templated":true}]}}