{"id":218,"date":"2023-08-11T19:58:02","date_gmt":"2023-08-11T19:58:02","guid":{"rendered":"https:\/\/asia-consult.org\/?page_id=218"},"modified":"2023-08-12T09:03:33","modified_gmt":"2023-08-12T09:03:33","slug":"franck-ludwig-est","status":"publish","type":"page","link":"http:\/\/asia-consult.org\/?page_id=218&lang=fr","title":{"rendered":"Frank Ludwig est&#8230;"},"content":{"rendered":"\t\t<div data-elementor-type=\"wp-page\" data-elementor-id=\"218\" class=\"elementor elementor-218\">\n\t\t\t\t\t\t<section class=\"elementor-section elementor-top-section elementor-element elementor-element-5473dc13 elementor-section-boxed elementor-section-height-default elementor-section-height-default\" data-id=\"5473dc13\" data-element_type=\"section\" data-e-type=\"section\">\n\t\t\t\t\t\t<div class=\"elementor-container elementor-column-gap-default\">\n\t\t\t\t\t<div class=\"elementor-column elementor-col-100 elementor-top-column elementor-element elementor-element-4fbdf410\" data-id=\"4fbdf410\" data-element_type=\"column\" data-e-type=\"column\">\n\t\t\t<div class=\"elementor-widget-wrap elementor-element-populated\">\n\t\t\t\t\t\t<div class=\"elementor-element elementor-element-42cacf3a elementor-widget elementor-widget-text-editor\" data-id=\"42cacf3a\" data-element_type=\"widget\" data-e-type=\"widget\" data-widget_type=\"text-editor.default\">\n\t\t\t\t<div class=\"elementor-widget-container\">\n\t\t\t\t\t\t\t\t\t\n<p>Pom\u00e9ranie indig\u00e8ne &amp; Prusse | titulaire d&#8217;un dipl\u00f4me d&#8217;\u00e9tudes diplomatiques politiques et asiatiques | marchand certifi\u00e9 | propri\u00e9taire depuis de nombreuses ann\u00e9es d&#8217;une agence de voyage au Cambodge | chef de projet et consultant en projets de d\u00e9veloppement \u00e9conomique et aide humanitaire d&#8217;institutions d&#8217;aide au d\u00e9veloppement allemandes et internationales | 6 ans d&#8217;\u00e9tudes \u00e0 l&#8217;\u00e9tranger et 23 ans de travail \u00e0 l&#8217;\u00e9tranger | multilingue (ma\u00eetrise de l&#8217;anglais \/ russe \/ fran\u00e7ais \/ examen d&#8217;\u00e9tat en khmer) | polyvalent instruit et musical | &#8222;chef&#8220; de famille avec sept enfants | aime les d\u00e9fis sportifs : natation longue distance en eau libre de mars \u00e0 novembre, longues balades \u00e0 v\u00e9lo<\/p>\n\t\t\t\t\t\t\t\t<\/div>\n\t\t\t\t<\/div>\n\t\t\t\t\t<\/div>\n\t\t<\/div>\n\t\t\t\t\t<\/div>\n\t\t<\/section>\n\t\t\t\t<section class=\"elementor-section elementor-top-section elementor-element elementor-element-2f3445f elementor-section-boxed elementor-section-height-default elementor-section-height-default\" data-id=\"2f3445f\" data-element_type=\"section\" data-e-type=\"section\">\n\t\t\t\t\t\t<div class=\"elementor-container elementor-column-gap-default\">\n\t\t\t\t\t<div class=\"elementor-column elementor-col-100 elementor-top-column elementor-element elementor-element-a6e79d0\" data-id=\"a6e79d0\" data-element_type=\"column\" data-e-type=\"column\">\n\t\t\t<div class=\"elementor-widget-wrap elementor-element-populated\">\n\t\t\t\t\t\t<div class=\"elementor-element elementor-element-94f3ee1 elementor-widget elementor-widget-image\" data-id=\"94f3ee1\" data-element_type=\"widget\" data-e-type=\"widget\" data-widget_type=\"image.default\">\n\t\t\t\t<div class=\"elementor-widget-container\">\n\t\t\t\t\t\t\t\t\t\t\t\t\t\t\t<img fetchpriority=\"high\" decoding=\"async\" width=\"768\" height=\"1024\" src=\"http:\/\/asia-consult.org\/wp-content\/uploads\/2023\/08\/FrankLudwig-768x1024.jpeg\" class=\"attachment-large size-large wp-image-244\" alt=\"\" srcset=\"http:\/\/asia-consult.org\/wp-content\/uploads\/2023\/08\/FrankLudwig-768x1024.jpeg 768w, http:\/\/asia-consult.org\/wp-content\/uploads\/2023\/08\/FrankLudwig-225x300.jpeg 225w, http:\/\/asia-consult.org\/wp-content\/uploads\/2023\/08\/FrankLudwig.jpeg 810w\" sizes=\"(max-width: 768px) 85vw, 768px\" \/>\t\t\t\t\t\t\t\t\t\t\t\t\t\t\t<\/div>\n\t\t\t\t<\/div>\n\t\t\t\t\t<\/div>\n\t\t<\/div>\n\t\t\t\t\t<\/div>\n\t\t<\/section>\n\t\t\t\t<\/div>\n\t\t","protected":false},"excerpt":{"rendered":"<p>Pom\u00e9ranie indig\u00e8ne &amp; Prusse | titulaire d&#8217;un dipl\u00f4me d&#8217;\u00e9tudes diplomatiques politiques et asiatiques | marchand certifi\u00e9 | propri\u00e9taire depuis de nombreuses ann\u00e9es d&#8217;une agence de voyage au Cambodge | chef de projet et consultant en projets de d\u00e9veloppement \u00e9conomique et aide humanitaire d&#8217;institutions d&#8217;aide au d\u00e9veloppement allemandes et internationales | 6 ans d&#8217;\u00e9tudes \u00e0 l&#8217;\u00e9tranger &hellip; <a href=\"http:\/\/asia-consult.org\/?page_id=218&#038;lang=fr\" class=\"more-link\"><span class=\"screen-reader-text\">\u201eFrank Ludwig est&#8230;\u201c <\/span>weiterlesen<\/a><\/p>\n","protected":false},"author":1,"featured_media":0,"parent":0,"menu_order":0,"comment_status":"closed","ping_status":"closed","template":"","meta":{"footnotes":""},"class_list":["post-218","page","type-page","status-publish","hentry"],"_links":{"self":[{"href":"http:\/\/asia-consult.org\/index.php?rest_route=\/wp\/v2\/pages\/218","targetHints":{"allow":["GET"]}}],"collection":[{"href":"http:\/\/asia-consult.org\/index.php?rest_route=\/wp\/v2\/pages"}],"about":[{"href":"http:\/\/asia-consult.org\/index.php?rest_route=\/wp\/v2\/types\/page"}],"author":[{"embeddable":true,"href":"http:\/\/asia-consult.org\/index.php?rest_route=\/wp\/v2\/users\/1"}],"replies":[{"embeddable":true,"href":"http:\/\/asia-consult.org\/index.php?rest_route=%2Fwp%2Fv2%2Fcomments&post=218"}],"version-history":[{"count":5,"href":"http:\/\/asia-consult.org\/index.php?rest_route=\/wp\/v2\/pages\/218\/revisions"}],"predecessor-version":[{"id":253,"href":"http:\/\/asia-consult.org\/index.php?rest_route=\/wp\/v2\/pages\/218\/revisions\/253"}],"wp:attachment":[{"href":"http:\/\/asia-consult.org\/index.php?rest_route=%2Fwp%2Fv2%2Fmedia&parent=218"}],"curies":[{"name":"wp","href":"https:\/\/api.w.org\/{rel}","templated":true}]}}